{"id":178,"date":"2008-02-28T16:28:06","date_gmt":"2008-02-28T14:28:06","guid":{"rendered":"http:\/\/gyorgydragoman.com\/?page_id=178"},"modified":"2010-03-07T10:56:09","modified_gmt":"2010-03-07T08:56:09","slug":"lesungen","status":"publish","type":"page","link":"https:\/\/gyorgydragoman.com\/?page_id=178","title":{"rendered":"Lesungen"},"content":{"rendered":"<p><strong>2009 <\/strong><\/p>\n<p>Montag   9 M\u00e4rz  20.00 Uhr<br \/>\n<strong>European  Borderlands.  Revolution  und Literatur    1989-2009<br \/>\n<\/strong><br \/>\nLesung:    Volker   Braun   (Deutschland)<br \/>\nPodiumsdiskussion  mit  Gy\u00f6rgy  Dragom\u00e1n  (Ungarn),  Jaroslav Rudi\u0161 (Tschechische Republik) und Olga Tokarczuk (Polen)<br \/>\nModeration: J\u00f6rg Magenau<br \/>\nOrt: Allianz Stiftungsforum, Pariser Platz 6, 10117 Berlin<\/p>\n<p>European Borderlands. Revolution und Literatur 1989-2009<br \/>\n<strong>Abschlusslesung am Samstag, dem 14. M\u00e4rz 2009, ab 21.30 Uhr<\/strong><br \/>\nLeipzig, im Lokal naTo  (Karl-Liebknecht-Stra\u00dfe  46)  mit Ilma Rakusa, Jaroslav Rudi\u0161,<br \/>\nGy\u00f6rgy Dragom\u00e1n und Olga Tokarczuk.<\/p>\n<p><strong>2008<\/strong><\/p>\n<p><strong>September<\/strong><\/p>\n<p>LESUNG<br \/>\nMittwoch 3 September<a href=\"http:\/\/www.lcb.de\/home\/\"> Literarisches Colloquium Berlin<\/a><br \/>\nAm Sandwerder 5<br \/>\nD-14109 Berlin<br \/>\n20.00 Uhr Macht, Gewalt, Erinnerung (V)<br \/>\nLesung: Arkadi Babtschenko und Gy\u00f6rgy Dragom\u00e1n<br \/>\nModeration: Olaf K\u00fchl<\/p>\n<p><strong>Juli<\/strong><\/p>\n<p>LESUNG<br \/>\nSa. 12. Juli 2008, 20 Uhr, Rauch-Hof (Wald\/Stainz)<br \/>\nP\u00e9ter Esterh\u00e1zy und Gy\u00f6rgy Dragom\u00e1n<br \/>\nPreis: 13,-<\/p>\n<p>KOCHEN UND LESEN<br \/>\nMo. 14. Juli 2008, 20 Uhr, Rauch-Hof (Wald\/Stainz)<br \/>\nDie drei Autoren: P\u00e9ter Esterh\u00e1zy, Gy\u00f6rgy Dragom\u00e1n und R.P. Gruber kochen ein dreig\u00e4ngiges Men\u00fc &#8211; garniert mit Lesungen.<br \/>\nPreis: 33,- (Vorreservierung erforderlich unter Rauch-Hof 03463\/2882)<\/p>\n<p>TONI STRICKER TRIO<br \/>\nDo. 17. Juli 2007, 20 Uhr, Refektorium Schloss Stainz<br \/>\nGy\u00f6rgy Dragom\u00e1n, Lesung &amp; Toni Stricker (Geige), Konzert M. Hintersteininger (Gitarre) und F. Tepel (Bass)<br \/>\nPreis: 23,-<\/p>\n<p>LITERARISCHE LANDPARTIE<br \/>\nSa. 19. Juli 2008, 14 Uhr, Parkplatz Schloss Stainz<br \/>\nWanderung mit Gy\u00f6rgy Dragom\u00e1n und R.P. Gruber durch die Schilchergegend &#8211; Kurzlesungen.<br \/>\nPreis: 9,-<\/p>\n<p><strong>Juni<\/strong><\/p>\n<p>22. 06. 2008<br \/>\n<strong>Literatursommer im Brecht-Weigel-Haus Buckow<\/strong><br \/>\nLiteraturfest gemeinsam mit der Akademie der K\u00fcnste<br \/>\nRenatus Deckert (Hrsg.) Das erste Buch. Schriftsteller \u00fcber ihr literarisches Deb\u00fct<br \/>\n\u00dcber einhundert Autoren wurden gebeten, einen neuerlichen Blick auf ihr literarisches Deb\u00fct zu werfen. 92 von ihnen sind der Bitte nachgekommen, und die Sichten auf ihre Erstver\u00f6ffentlichung hat Renatus Deckert herausgegeben. Ganz unterschiedlich stellen die Autoren ihre Anf\u00e4nge im Literaturbetrieb dar, die h\u00e4ufig nicht mit den literarischen Anf\u00e4ngen \u00fcbereinstimmen. Vielen Beitr\u00e4gen darf man trauen. Eine vielstimmige, subjektive Literaturgeschichte von innen. Mit Thomas H\u00fcrlimann, Emine Sevgi \u00d6zdamar, Lutz Seiler, Renatus Deckert und Gy\u00f6rgy Dragom\u00e1n Musik: Ronni Gilla (Sopran), Joachim Gies (Saxofon) Eintritt: 5 Euro, erm\u00e4\u00dfigt 4 Euro Der Literatursommer wird gef\u00f6rdert vom Ministerium f\u00fcr Wissenschaft, Forschung und Kultur des Landes Brandenburg und der Sparkasse M\u00e4rkisch-Oderland<\/p>\n<p>Lesung<br \/>\nGy\u00f6rgy Dragom\u00e1n<br \/>\n03.06.2008<br \/>\nBuchhandlung Kaiser<br \/>\nD\u00fcrener Stra\u00dfe 202<br \/>\n50931 K\u00f6ln<\/p>\n<p>Lesung<br \/>\nGy\u00f6rgy Dragom\u00e1n, Gergely P\u00e9terfy<br \/>\n04.06.2008<br \/>\nB\u00fccherei Wien<br \/>\n1070 Wien, \u00d6sterreich<br \/>\nmehr<\/p>\n<p>Lesung<br \/>\nGy\u00f6rgy Dragom\u00e1n,<br \/>\n05.06.2008<br \/>\nLiteraturhaus Frankfurt<br \/>\nSch\u00f6ne Aussicht 2<br \/>\n60311 Frankfurt<\/p>\n<p><strong>April<\/strong><\/p>\n<p>Litera,\u00a0Linz, 24. April<br \/>\nLesung<br \/>\nGy\u00f6rgy Dragom\u00e1n \u2013 Anna T. Szab\u00f3<br \/>\n18 Uhr. ORF-Caf\u00e9, Desgin Center, Europaplatz 1, 4020 Linz.<\/p>\n<p><strong>M\u00e4rz<\/strong><\/p>\n<p>Mi. 11. 03. 08 Basel<br \/>\n<strong>Literaturhaus Basel <\/strong>Barf\u00fcssergasse 3<strong><br \/>\n<\/strong><strong>\u201eExistenziell oder gar nicht\u201c &#8211; Junge Literatur zwischen Europas Grenzen<\/strong><br \/>\nEin literarischer Streifzug durch Siebenb\u00fcrgen, Ungarn und der Republik Moldau. Lesungen und Podiumsdiskussion<br \/>\n<em>Es lesen aus ihren Ver\u00f6ffentlichungen: Nicoleta Esinencu, Moldawien, aus \u201eFUCK<br \/>\nYOU, Eu.ro.Pa!\u201c, 2005, Attila Bartis, Siebenb\u00fcrgen\/Budapest, aus \u201eDie Apokryphen des Lazarus\u201c, 2005, und Gy\u00f6rgy Dragom\u00e1n, Siebenb\u00fcrgen\/Budapest aus \u201eDer wei\u00dfe K\u00f6nig\u201c, 2007<\/em><br \/>\nModeration: Ilma Rakusa, Slawistin, \u00dcbersetzerin und Autorin<\/p>\n<p>Do, 13.03.08 Leipzig,<br \/>\n<strong>naTo<\/strong><br \/>\nKarl-Liebknecht-Stra\u00dfe 46<br \/>\n<strong>Autoren aus Osteuropa im Suhrkamp Verlag<\/strong><br \/>\n<em>Mircea Cartarescu &#8211; Gy\u00f6rgy Dragoman &#8211; Michal Witkowski<br \/>\nModeration: Katharina Raabe.<\/em><br \/>\n\u00dcbersetzung und deutsche Lesung: Martin Pollack und Ernest Wichner<\/p>\n<p>Fr, 14.03.08 Leipzig,<br \/>\n11:00 &#8211; 12:15 Uhr<br \/>\n<strong>Diktatur und Einsamkeit<\/strong><br \/>\n<em>Autoren aus Ungarn und Irland im Gespr\u00e4ch<br \/>\nMicheal O Conghaile, Gy\u00f6rgy Dragoman, Moderation Gy\u00f6rgy Dalos <\/em><br \/>\nForum Kleine Sprachen &#8211; gro\u00dfe Literaturen, Halle 4, Stand D401<br \/>\nKleine Sprachen-gro\u00dfe Literaturen, Literatur Mittel- und Osteuropas<\/p>\n<p>Sa. 15.03.08 Leipzig,<br \/>\n16:00 Forum International Halle 4<br \/>\n<strong>European Borderlands<\/strong><br \/>\nGespr\u00e4ch mit Attila Bartis und Gy\u00f6rgy Dragoman<\/p>\n<p>Fr, 14.03.08 Leipzig,<br \/>\n18:30 <strong>Caf\u00e9 Telegraf<\/strong><br \/>\nDittrichring 18-20<br \/>\n<strong>Leipzig European Borderlands<\/strong><br \/>\n<em>Lesung mit Attila Bartis und Gy\u00f6rgy Dragoman<\/em><\/p>\n<p>Mo, 17.03.08 Berlin,<br \/>\n20:00<strong> Literaturwerkstatt Berlin<\/strong><br \/>\nKnaackstra\u00dfe 97<br \/>\nEurop\u00e4ische Momente. Nachlese.<br \/>\n<strong>Kleine Sprachen &#8211; gro\u00dfe Literaturen<\/strong><br \/>\n<em>Lesung mit Attila Bartis und Gy\u00f6rgy Dragoman<\/em><\/p>\n","protected":false},"excerpt":{"rendered":"<p>2009 Montag 9 M\u00e4rz 20.00 Uhr European Borderlands. Revolution und Literatur 1989-2009 Lesung: Volker Braun (Deutschland) Podiumsdiskussion mit Gy\u00f6rgy Dragom\u00e1n (Ungarn), Jaroslav Rudi\u0161 (Tschechische Republik) und Olga Tokarczuk (Polen) Moderation: [&hellip;]<\/p>\n","protected":false},"author":1,"featured_media":0,"parent":0,"menu_order":20,"comment_status":"closed","ping_status":"closed","template":"","meta":{"footnotes":""},"class_list":["post-178","page","type-page","status-publish","hentry","has_no_thumb"],"_links":{"self":[{"href":"https:\/\/gyorgydragoman.com\/index.php?rest_route=\/wp\/v2\/pages\/178","targetHints":{"allow":["GET"]}}],"collection":[{"href":"https:\/\/gyorgydragoman.com\/index.php?rest_route=\/wp\/v2\/pages"}],"about":[{"href":"https:\/\/gyorgydragoman.com\/index.php?rest_route=\/wp\/v2\/types\/page"}],"author":[{"embeddable":true,"href":"https:\/\/gyorgydragoman.com\/index.php?rest_route=\/wp\/v2\/users\/1"}],"replies":[{"embeddable":true,"href":"https:\/\/gyorgydragoman.com\/index.php?rest_route=%2Fwp%2Fv2%2Fcomments&post=178"}],"version-history":[{"count":0,"href":"https:\/\/gyorgydragoman.com\/index.php?rest_route=\/wp\/v2\/pages\/178\/revisions"}],"wp:attachment":[{"href":"https:\/\/gyorgydragoman.com\/index.php?rest_route=%2Fwp%2Fv2%2Fmedia&parent=178"}],"curies":[{"name":"wp","href":"https:\/\/api.w.org\/{rel}","templated":true}]}}