{"id":188,"date":"2007-09-30T20:35:02","date_gmt":"2008-02-29T15:12:49","guid":{"rendered":"http:\/\/gyorgydragoman.com\/?page_id=188"},"modified":"2008-02-29T17:21:35","modified_gmt":"2008-02-29T15:21:35","slug":"biografie","status":"publish","type":"page","link":"https:\/\/gyorgydragoman.com\/?page_id=188","title":{"rendered":"Biografie"},"content":{"rendered":"<p><img decoding=\"async\" src=\"http:\/\/thewhiteking.org\/kepek\/gyuri.jpg\" alt=\"Dgy photo\" class=\"kicsibalra\" \/><br \/>\nGy\u00f6rgy Dragom\u00e1n (1973) is Beckettgeleerde, vertaler en filmcriticus. Zijn roman De witte koning is gebaseerd op zijn jeugdervaringen in het Roemeni\u00eb van Ceausescu in de jaren tachtig van de vorige eeuw. Met De witte koning heeft Gy\u00f6rgy Dragom\u00e1n de prestigieuze S\u00e1ndor M\u00e1rai-prijs gewonnen. Hij woont in Boedapest samen met zijn vrouw, die dichter is, en hun twee kinderen.<\/p>\n","protected":false},"excerpt":{"rendered":"<p>Gy\u00f6rgy Dragom\u00e1n (1973) is Beckettgeleerde, vertaler en filmcriticus. Zijn roman De witte koning is gebaseerd op zijn jeugdervaringen in het Roemeni\u00eb van Ceausescu in de jaren tachtig van de vorige [&hellip;]<\/p>\n","protected":false},"author":1,"featured_media":0,"parent":0,"menu_order":0,"comment_status":"closed","ping_status":"open","template":"","meta":{"footnotes":""},"class_list":["post-188","page","type-page","status-publish","hentry","has_no_thumb"],"_links":{"self":[{"href":"https:\/\/gyorgydragoman.com\/index.php?rest_route=\/wp\/v2\/pages\/188","targetHints":{"allow":["GET"]}}],"collection":[{"href":"https:\/\/gyorgydragoman.com\/index.php?rest_route=\/wp\/v2\/pages"}],"about":[{"href":"https:\/\/gyorgydragoman.com\/index.php?rest_route=\/wp\/v2\/types\/page"}],"author":[{"embeddable":true,"href":"https:\/\/gyorgydragoman.com\/index.php?rest_route=\/wp\/v2\/users\/1"}],"replies":[{"embeddable":true,"href":"https:\/\/gyorgydragoman.com\/index.php?rest_route=%2Fwp%2Fv2%2Fcomments&post=188"}],"version-history":[{"count":0,"href":"https:\/\/gyorgydragoman.com\/index.php?rest_route=\/wp\/v2\/pages\/188\/revisions"}],"wp:attachment":[{"href":"https:\/\/gyorgydragoman.com\/index.php?rest_route=%2Fwp%2Fv2%2Fmedia&parent=188"}],"curies":[{"name":"wp","href":"https:\/\/api.w.org\/{rel}","templated":true}]}}