{"id":2180,"date":"2018-09-17T08:16:12","date_gmt":"2018-09-17T06:16:12","guid":{"rendered":"http:\/\/gyorgydragoman.com\/?page_id=2180"},"modified":"2018-09-17T08:23:12","modified_gmt":"2018-09-17T06:23:12","slug":"rendszerujra","status":"publish","type":"page","link":"https:\/\/gyorgydragoman.com\/?page_id=2180","title":{"rendered":"Rendszer\u00fajra"},"content":{"rendered":"<p><a href=\"https:\/\/gyorgydragoman.com\/wp-content\/renszerujra.jpg\"><img loading=\"lazy\" decoding=\"async\" class=\"alignleft size-medium wp-image-2185\" src=\"https:\/\/gyorgydragoman.com\/wp-content\/renszerujra-200x300.jpg\" alt=\"\" width=\"200\" height=\"300\" data-wp-pid=\"2185\" srcset=\"https:\/\/gyorgydragoman.com\/wp-content\/renszerujra-200x300.jpg 200w, https:\/\/gyorgydragoman.com\/wp-content\/renszerujra-768x1150.jpg 768w, https:\/\/gyorgydragoman.com\/wp-content\/renszerujra-684x1024.jpg 684w, https:\/\/gyorgydragoman.com\/wp-content\/renszerujra-624x934.jpg 624w, https:\/\/gyorgydragoman.com\/wp-content\/renszerujra-800x1198.jpg 800w, https:\/\/gyorgydragoman.com\/wp-content\/renszerujra.jpg 1000w\" sizes=\"auto, (max-width: 200px) 100vw, 200px\" \/><\/a> Okt\u00f3ber k\u00f6zep\u00e9n jelenik meg a m\u00e1sodik novell\u00e1sk\u00f6tetem. Mi\u00f3ta \u00edrok, az\u00f3ta \u00edrok novell\u00e1kat is. Ahogy k\u00e9t \u00e9ve az Oroszl\u00e1nk\u00f3rust, ezt is tizen\u00f6t \u00e9v anyag\u00e1b\u00f3l v\u00e1logattam. Szinte k\u00e9sz volt m\u00e1r a k\u00f6tet, amikor \u00e9szrevettem, hogy nem ak\u00e1rmilyen novell\u00e1k, hanem szabadul\u00e1st\u00f6rt\u00e9netek.<br \/>\nA f\u00fclsz\u00f6veg:<br \/>\n&#8220;Rendszerek \u00e9s kit\u00f6r\u00e9si pontok f\u0171zik \u00f6ssze k\u00f6tett\u00e9 Dragom\u00e1n Gy\u00f6rgy tizen\u00f6t \u00e9v term\u00e9s\u00e9b\u0151l v\u00e1logatott novell\u00e1it. Felt\u00e9telezett vagy val\u00f3s\u00e1gosnak t\u0171n\u0151 rendszerek: nyitottak \u00e9s z\u00e1rtak, politikaiak, term\u00e9szetiek vagy technikaiak. \u00c9s a kit\u00f6r\u00e9si pontok, a szabadul\u00e1s lehet\u0151s\u00e9gei. M\u00falt, jelen, j\u00f6v\u0151.<br \/>\nDragom\u00e1n szenved\u00e9lyes t\u00f6rt\u00e9netmes\u00e9l\u0151, sakkmesterk\u00e9nt mozgatja a figur\u00e1kat a kir\u00e1lyt\u00f3l a gyalogig: fant\u00e1zia \u00e9s l\u00e1ttat\u00f3 er\u0151, \u00e9les v\u00e1g\u00e1sok, meglep\u0151 fordulatok jellemzik a Rendszer\u00fajra minden darabj\u00e1t. \u00daj k\u00f6nyv\u00e9ben megint a szabads\u00e1g a t\u00e9t, a rendszerek j\u00f6nnek \u00e9s mennek, \u00e9p\u00fclnek \u00e9s pusztulnak, de a legf\u0151bb k\u00e9rd\u00e9s mindig az, hogy mit tehet benn\u00fck, alattuk vagy \u00e9ppen felett\u00fck az ember. \u00dajra meg \u00fajra meg \u00fajra.&#8221;<br \/>\nA k\u00f6tet m\u00e1r el\u0151rendelhet\u0151:<br \/>\n<a href=\"https:\/\/www.lira.hu\/hu\/konyv\/szepirodalom\/rendszerujra\">https:\/\/www.lira.hu\/hu\/konyv\/szepirodalom\/rendszerujra<\/a><br \/>\n<a href=\"https:\/\/www.libri.hu\/konyv\/dragoman_gyorgy.rendszerujra.html\">https:\/\/www.libri.hu\/konyv\/dragoman_gyorgy.rendszerujra.html<\/a><br \/>\n<a href=\"https:\/\/bookline.hu\/product\/home.action?_v=_&amp;type=22&amp;id=307498\">https:\/\/bookline.hu\/product\/home.action?_v=_&amp;type=22&amp;id=307498<\/a><br \/>\n<strong>Erd\u00e9lyb\u0151l:<\/strong><br \/>\n<a href=\"https:\/\/bookline.ro\/product\/home.action?_v=_&amp;type=22&amp;id=307498\">https:\/\/bookline.ro\/product\/home.action?_v=_&amp;type=22&amp;id=307498<\/a><\/p>\n","protected":false},"excerpt":{"rendered":"<p>Okt\u00f3ber k\u00f6zep\u00e9n jelenik meg a m\u00e1sodik novell\u00e1sk\u00f6tetem. Mi\u00f3ta \u00edrok, az\u00f3ta \u00edrok novell\u00e1kat is. Ahogy k\u00e9t \u00e9ve az Oroszl\u00e1nk\u00f3rust, ezt is tizen\u00f6t \u00e9v anyag\u00e1b\u00f3l v\u00e1logattam. Szinte k\u00e9sz volt m\u00e1r a k\u00f6tet, [&hellip;]<\/p>\n","protected":false},"author":1,"featured_media":2185,"parent":1379,"menu_order":0,"comment_status":"closed","ping_status":"closed","template":"","meta":{"footnotes":""},"class_list":["post-2180","page","type-page","status-publish","has-post-thumbnail","hentry","has_thumb"],"_links":{"self":[{"href":"https:\/\/gyorgydragoman.com\/index.php?rest_route=\/wp\/v2\/pages\/2180","targetHints":{"allow":["GET"]}}],"collection":[{"href":"https:\/\/gyorgydragoman.com\/index.php?rest_route=\/wp\/v2\/pages"}],"about":[{"href":"https:\/\/gyorgydragoman.com\/index.php?rest_route=\/wp\/v2\/types\/page"}],"author":[{"embeddable":true,"href":"https:\/\/gyorgydragoman.com\/index.php?rest_route=\/wp\/v2\/users\/1"}],"replies":[{"embeddable":true,"href":"https:\/\/gyorgydragoman.com\/index.php?rest_route=%2Fwp%2Fv2%2Fcomments&post=2180"}],"version-history":[{"count":3,"href":"https:\/\/gyorgydragoman.com\/index.php?rest_route=\/wp\/v2\/pages\/2180\/revisions"}],"predecessor-version":[{"id":2186,"href":"https:\/\/gyorgydragoman.com\/index.php?rest_route=\/wp\/v2\/pages\/2180\/revisions\/2186"}],"up":[{"embeddable":true,"href":"https:\/\/gyorgydragoman.com\/index.php?rest_route=\/wp\/v2\/pages\/1379"}],"wp:featuredmedia":[{"embeddable":true,"href":"https:\/\/gyorgydragoman.com\/index.php?rest_route=\/wp\/v2\/media\/2185"}],"wp:attachment":[{"href":"https:\/\/gyorgydragoman.com\/index.php?rest_route=%2Fwp%2Fv2%2Fmedia&parent=2180"}],"curies":[{"name":"wp","href":"https:\/\/api.w.org\/{rel}","templated":true}]}}