{"id":269,"date":"2007-09-30T20:35:02","date_gmt":"2009-03-17T20:10:40","guid":{"rendered":"http:\/\/gyorgydragoman.com\/?page_id=269"},"modified":"2009-03-18T10:02:21","modified_gmt":"2009-03-18T08:02:21","slug":"elamastani","status":"publish","type":"page","link":"https:\/\/gyorgydragoman.com\/?page_id=269","title":{"rendered":"El\u00e4m\u00e4st\u00e4ni"},"content":{"rendered":"<p><img decoding=\"async\" alt=\"Dgy f\u00e9nyk\u00e9pe\" src=\"http:\/\/thewhiteking.org\/kepek\/gyuri.jpg\" class=\"kicsibalra\" \/><br \/>\nSynnyin vuonna 1973, olen asunut Unkarissa kaksikymment\u00e4 vuotta. L\u00e4hdin synnyinkaupungistani Marosv\u00e1s\u00e1rhelyst\u00e4* vuonna 1988. 90-luvulla palasin Transilvaniaan kaksi kertaa, mutta molempien matkojen j\u00e4lkeen menetin koti-ik\u00e4v\u00e4n takia y\u00f6uneni, siksi p\u00e4\u00e4tin olla menem\u00e4tt\u00e4 uudelleen. V\u00e4hitellen totuin el\u00e4m\u00e4\u00e4n Unkarissa, ja Budapestista tuli kotikaupunkini. Vuonna 2005 oli kulunut niin paljon aikaa, ett\u00e4 saatoin palata j\u00e4lleen Marosv\u00e1s\u00e1rhelyyn. Se oli kaunis ja vapauttava kokemus: vieras kaupunki, jossa tunsin jokikisen kadun.<br \/>\nUnkarissa elin ensimm\u00e4iset nelj\u00e4 vuotta Szombathelyss\u00e4, sik\u00e4l\u00e4isess\u00e4 lukiossa tutustuin vaimooni Annaan. Kun aloimme seurustella, kirjoitimme toisillemme joka p\u00e4iv\u00e4: Anna runon, min\u00e4 novellin. Tutustuessamme olimme 16-vuotiaita, menimme nuorina naimisiin. Sen j\u00e4lkeen meille on syntynyt kaksi poikaa, G\u00e1bor ja P\u00e1l, nyt kirjoitamme runoja ja tarinoita my\u00f6s heille.<br \/>\nAloin kirjoittaa 13-vuotiaana, n\u00e4in mieless\u00e4ni kuvan, joka oli niin selv\u00e4, ett\u00e4 minun oli pakko kirjoittaa siit\u00e4. Olin aika nuori kun p\u00e4\u00e4tin kirjoittaa romaanin, mutta kesti kymmenen vuotta toteuttaa p\u00e4\u00e4t\u00f6s. Budapestin ELTE-yliopistossa opiskelin englantia ja filosofiaa, mutta filosofiasta luovuin, kun huomasin miten kovaa ty\u00f6t\u00e4 romaanin kirjoittaminen on. Englannista kuitenkin valmistuin, suoritin jatkotutkinnonkin, ja samalla kirjoitin romaaniani, viisi vuotta, sen nimeksi tuli \u201dTuhon kirja\u201d ja se ilmestyi samana vuonna kun esikoispoikani syntyi.<\/p>\n<p>* Marosv\u00e1s\u00e1rhely, rom. T\u00e2rgu Mure\u015f, kaupunki Romanian Transilvaniassa<\/p>\n<p>(Gy\u00f6rgy Dragom\u00e1nin kotisivulta lyhent\u00e4en suomentanut OH)<\/p>\n","protected":false},"excerpt":{"rendered":"<p>Synnyin vuonna 1973, olen asunut Unkarissa kaksikymment\u00e4 vuotta. L\u00e4hdin synnyinkaupungistani Marosv\u00e1s\u00e1rhelyst\u00e4* vuonna 1988. 90-luvulla palasin Transilvaniaan kaksi kertaa, mutta molempien matkojen j\u00e4lkeen menetin koti-ik\u00e4v\u00e4n takia y\u00f6uneni, siksi p\u00e4\u00e4tin olla menem\u00e4tt\u00e4 [&hellip;]<\/p>\n","protected":false},"author":1,"featured_media":0,"parent":0,"menu_order":0,"comment_status":"closed","ping_status":"open","template":"","meta":{"footnotes":""},"class_list":["post-269","page","type-page","status-publish","hentry","has_no_thumb"],"_links":{"self":[{"href":"https:\/\/gyorgydragoman.com\/index.php?rest_route=\/wp\/v2\/pages\/269","targetHints":{"allow":["GET"]}}],"collection":[{"href":"https:\/\/gyorgydragoman.com\/index.php?rest_route=\/wp\/v2\/pages"}],"about":[{"href":"https:\/\/gyorgydragoman.com\/index.php?rest_route=\/wp\/v2\/types\/page"}],"author":[{"embeddable":true,"href":"https:\/\/gyorgydragoman.com\/index.php?rest_route=\/wp\/v2\/users\/1"}],"replies":[{"embeddable":true,"href":"https:\/\/gyorgydragoman.com\/index.php?rest_route=%2Fwp%2Fv2%2Fcomments&post=269"}],"version-history":[{"count":0,"href":"https:\/\/gyorgydragoman.com\/index.php?rest_route=\/wp\/v2\/pages\/269\/revisions"}],"wp:attachment":[{"href":"https:\/\/gyorgydragoman.com\/index.php?rest_route=%2Fwp%2Fv2%2Fmedia&parent=269"}],"curies":[{"name":"wp","href":"https:\/\/api.w.org\/{rel}","templated":true}]}}