{"id":27,"date":"2006-02-19T12:32:50","date_gmt":"2006-02-19T11:32:50","guid":{"rendered":"http:\/\/thewhiteking.org\/?page_id=27"},"modified":"2015-10-30T10:26:42","modified_gmt":"2015-10-30T08:26:42","slug":"a-pusztitas-konyve","status":"publish","type":"page","link":"https:\/\/gyorgydragoman.com\/?page_id=27","title":{"rendered":"A puszt\u00edt\u00e1s k\u00f6nyve"},"content":{"rendered":"<figure id=\"attachment_553\" aria-describedby=\"caption-attachment-553\" style=\"width: 200px\" class=\"wp-caption alignleft\"><a href=\"https:\/\/gyorgydragoman.com\/wp-content\/Dragom\u00e1n-Gy\u00f6rgy-A-puszt\u00edt\u00e1s-k\u00f6nyve.jpg\"><img loading=\"lazy\" decoding=\"async\" class=\"wp-image-553 size-medium\" src=\"https:\/\/gyorgydragoman.com\/wp-content\/Dragom\u00e1n-Gy\u00f6rgy-A-puszt\u00edt\u00e1s-k\u00f6nyve-200x300.jpg\" alt=\"Dragom\u00e1n Gy\u00f6rgy - A puszt\u00edt\u00e1s k\u00f6nyve\" width=\"200\" height=\"300\" srcset=\"https:\/\/gyorgydragoman.com\/wp-content\/Dragom\u00e1n-Gy\u00f6rgy-A-puszt\u00edt\u00e1s-k\u00f6nyve-200x300.jpg 200w, https:\/\/gyorgydragoman.com\/wp-content\/Dragom\u00e1n-Gy\u00f6rgy-A-puszt\u00edt\u00e1s-k\u00f6nyve-686x1024.jpg 686w, https:\/\/gyorgydragoman.com\/wp-content\/Dragom\u00e1n-Gy\u00f6rgy-A-puszt\u00edt\u00e1s-k\u00f6nyve-800x1194.jpg 800w, https:\/\/gyorgydragoman.com\/wp-content\/Dragom\u00e1n-Gy\u00f6rgy-A-puszt\u00edt\u00e1s-k\u00f6nyve-1200x1791.jpg 1200w\" sizes=\"auto, (max-width: 200px) 100vw, 200px\" \/><\/a><figcaption id=\"caption-attachment-553\" class=\"wp-caption-text\">A 2002-es els\u0151 kiad\u00e1s.<\/figcaption><\/figure>\n<p>Az els\u0151 reg\u00e9nyem. Titokban \u00edrtam, majd belehaltam, az volt a t\u00e9t, hogy \u00edr\u00f3 leszek-e t\u00e9nyleg.<br \/>\nEgy F\u00e1bi\u00e1n nev\u0171 fiatal m\u00e9rn\u00f6kr\u0151l sz\u00f3l, akit egy elz\u00e1rt v\u00e1rosba sz\u00e1m\u0171znek parancsmegtagad\u00e1s\u00e9rt. Itt a korm\u00e1nyz\u00f3 az \u00far, vele kell F\u00e1bi\u00e1nnak megk\u00fczdenie. Sok vereked\u00e9s, nagy szerelem, ismeretelm\u00e9leti western \u00e9s noir.<br \/>\nA legjobb els\u0151 k\u00f6nyv\u00e9rt j\u00e1r\u00f3 Br\u00f3dy S\u00e1ndor d\u00edjat kaptam \u00e9rte, a k\u00f6nyv els\u0151 kiad\u00e1sa ma m\u00e1r gyakorlatilag beszerezhetetlen.<\/p>\n<p>P\u00e1r h\u00e9t \u00e9s \u00fajra megjelenik, \u00faj bor\u00edt\u00f3val, \u00faj t\u00f6rdel\u00e9ssel, hogy m\u00e9lt\u00f3 m\u00f3don odaker\u00fclhessen a M\u00e1glya \u00e9s A feh\u00e9r kir\u00e1ly \u00faj kiad\u00e1sa mell\u00e9.<\/p>\n<figure id=\"attachment_962\" aria-describedby=\"caption-attachment-962\" style=\"width: 200px\" class=\"wp-caption alignright\"><a href=\"https:\/\/gyorgydragoman.com\/wp-content\/pusztitas-cimterv-3-ok.jpg\"><img loading=\"lazy\" decoding=\"async\" class=\"size-medium wp-image-962\" src=\"https:\/\/gyorgydragoman.com\/wp-content\/pusztitas-cimterv-3-ok-200x300.jpg\" alt=\"Az \u00faj kiad\u00e1s bor\u00edt\u00f3ja.\" width=\"200\" height=\"300\" srcset=\"https:\/\/gyorgydragoman.com\/wp-content\/pusztitas-cimterv-3-ok-200x300.jpg 200w, https:\/\/gyorgydragoman.com\/wp-content\/pusztitas-cimterv-3-ok.jpg 556w\" sizes=\"auto, (max-width: 200px) 100vw, 200px\" \/><\/a><figcaption id=\"caption-attachment-962\" class=\"wp-caption-text\">Az \u00faj kiad\u00e1s bor\u00edt\u00f3ja.<\/figcaption><\/figure>\n<p>&nbsp;<\/p>\n","protected":false},"excerpt":{"rendered":"<p>Az els\u0151 reg\u00e9nyem. Titokban \u00edrtam, majd belehaltam, az volt a t\u00e9t, hogy \u00edr\u00f3 leszek-e t\u00e9nyleg. Egy F\u00e1bi\u00e1n nev\u0171 fiatal m\u00e9rn\u00f6kr\u0151l sz\u00f3l, akit egy elz\u00e1rt v\u00e1rosba sz\u00e1m\u0171znek parancsmegtagad\u00e1s\u00e9rt. Itt a korm\u00e1nyz\u00f3 [&hellip;]<\/p>\n","protected":false},"author":1,"featured_media":0,"parent":1379,"menu_order":99,"comment_status":"closed","ping_status":"open","template":"","meta":{"footnotes":""},"class_list":["post-27","page","type-page","status-publish","hentry","has_no_thumb"],"_links":{"self":[{"href":"https:\/\/gyorgydragoman.com\/index.php?rest_route=\/wp\/v2\/pages\/27","targetHints":{"allow":["GET"]}}],"collection":[{"href":"https:\/\/gyorgydragoman.com\/index.php?rest_route=\/wp\/v2\/pages"}],"about":[{"href":"https:\/\/gyorgydragoman.com\/index.php?rest_route=\/wp\/v2\/types\/page"}],"author":[{"embeddable":true,"href":"https:\/\/gyorgydragoman.com\/index.php?rest_route=\/wp\/v2\/users\/1"}],"replies":[{"embeddable":true,"href":"https:\/\/gyorgydragoman.com\/index.php?rest_route=%2Fwp%2Fv2%2Fcomments&post=27"}],"version-history":[{"count":3,"href":"https:\/\/gyorgydragoman.com\/index.php?rest_route=\/wp\/v2\/pages\/27\/revisions"}],"predecessor-version":[{"id":964,"href":"https:\/\/gyorgydragoman.com\/index.php?rest_route=\/wp\/v2\/pages\/27\/revisions\/964"}],"up":[{"embeddable":true,"href":"https:\/\/gyorgydragoman.com\/index.php?rest_route=\/wp\/v2\/pages\/1379"}],"wp:attachment":[{"href":"https:\/\/gyorgydragoman.com\/index.php?rest_route=%2Fwp%2Fv2%2Fmedia&parent=27"}],"curies":[{"name":"wp","href":"https:\/\/api.w.org\/{rel}","templated":true}]}}