{"id":2706,"date":"2020-12-04T09:33:49","date_gmt":"2020-12-04T07:33:49","guid":{"rendered":"http:\/\/gyorgydragoman.com\/?page_id=2706"},"modified":"2020-12-04T09:33:49","modified_gmt":"2020-12-04T07:33:49","slug":"fozoskonyv","status":"publish","type":"page","link":"https:\/\/gyorgydragoman.com\/?page_id=2706","title":{"rendered":"F\u0151z\u0151sk\u00f6nyv"},"content":{"rendered":"\r\n<p>Sok \u00e9ves munka eredm\u00e9nye, hogy 2020 december m\u00e1sodik\u00e1n megjelent az els\u0151 irodalmi szak\u00e1csk\u00f6nyvem, a F\u0151z\u0151sk\u00f6ny.<\/p>\r\n\r\n\r\n\r\n<figure id=\"attachment_2705\" aria-describedby=\"caption-attachment-2705\" style=\"width: 210px\" class=\"wp-caption alignleft\"><a href=\"https:\/\/gyorgydragoman.com\/wp-content\/FK-Front-small.png\"><img loading=\"lazy\" decoding=\"async\" class=\"size-medium wp-image-2705\" src=\"https:\/\/gyorgydragoman.com\/wp-content\/FK-Front-small-210x300.png\" alt=\"\" width=\"210\" height=\"300\" data-wp-pid=\"2705\" srcset=\"https:\/\/gyorgydragoman.com\/wp-content\/FK-Front-small-210x300.png 210w, https:\/\/gyorgydragoman.com\/wp-content\/FK-Front-small-716x1024.png 716w, https:\/\/gyorgydragoman.com\/wp-content\/FK-Front-small-768x1099.png 768w, https:\/\/gyorgydragoman.com\/wp-content\/FK-Front-small-624x893.png 624w, https:\/\/gyorgydragoman.com\/wp-content\/FK-Front-small.png 776w\" sizes=\"auto, (max-width: 210px) 100vw, 210px\" \/><\/a><figcaption id=\"caption-attachment-2705\" class=\"wp-caption-text\">Sz\u00e9p retro bor\u00edt\u00f3ja van!<\/figcaption><\/figure>\r\n<p>Ez a f\u00fclsz\u00f6veg:<br \/>&#8220;&#8221;\u00d6r\u00fcljetek!&#8221; &#8211; id\u0151nk\u00e9nt \u00edgy fejezi be f\u0151z\u0151s-ev\u0151s t\u00f6rt\u00e9neteit \u00e9s receptjeit Dragom\u00e1n Gy\u00f6rgy. \u00c9vek \u00f3ta olvassuk ezeket a szem\u00e9lyes besz\u00e1mol\u00f3kat, \u00e9s azt\u00e1n indulunk a konyh\u00e1ba, hogy mi is kipr\u00f3b\u00e1ljuk a recepteket, \u00e9s vid\u00e1man megvend\u00e9gelj\u00fck szeretteinket. Dragom\u00e1n szenved\u00e9lyes \u00edr\u00f3 \u00e9s szak\u00e1cs, az otthoni keny\u00e9rs\u00fct\u00e9s \u00e9s a nagy csal\u00e1di f\u0151z\u00e9sek propag\u00e1tora, r\u00e9gi \u00e9s \u00faj \u00e9telek \u0151rz\u0151je \u00e9s megalkot\u00f3ja, receptek lelkes egyszer\u0171s\u00edt\u0151je \u00e9s k\u00edv\u00e1ncsi bonyol\u00edt\u00f3ja. A F\u0151z\u0151sk\u00f6nyv praktikus \u00e9s roppant \u00e9lvezetes t\u00e1rs a konyh\u00e1ban a reggelit\u0151l az eb\u00e9den \u00e1t a vacsor\u00e1kig, \u00e9s k\u00f6zben mindenf\u00e9le hasznos \u00e9s haszontalan dolgot is megtanulhatunk a lezajl\u00f3 folyamatokr\u00f3l. A laktobacilusok \u00e9s a vad\u00e9leszt\u0151 t\u00f6rzsek szimbi\u00f3zisa \u00e9pp\u00fagy t\u00e1rgya e k\u00f6nyvnek, mint a karamell v\u00e1ltozatai, a k\u00fcl\u00f6nleges konyhai eszk\u00f6z\u00f6k le\u00edr\u00e1sa, vagy a szak\u00e9rt\u0151i, bar\u00e1ti \u00e9s csal\u00e1di vit\u00e1k a &#8220;legjobb&#8221; megold\u00e1sokr\u00f3l, \u00e9s persze az \u00e9hes tizen\u00e9vesek is sz\u00f3ba ker\u00fclnek a s\u00fclt krumpli, a r\u00e1ntott h\u00fas \u00e9s a pizza hat\u00e9kony elk\u00e9sz\u00edt\u00e9s\u00e9nek m\u00f3dszerein\u00e9l. Dragom\u00e1n Gy\u00f6rgy mindezeket csal\u00e1di t\u00f6rt\u00e9netekbe \u00e1gyazva, vicces \u00e9s komoly novell\u00e1kkal, \u00e9rz\u00e9kletes reg\u00e9nyr\u00e9szletekkel k\u00f6r\u00edtve rakja el\u00e9nk, hogy boldog \u00f3r\u00e1kat szerezzen az \u00ednyenc olvas\u00f3nak. Az olvas\u00f3 pedig gy\u00f6ny\u00f6rk\u00f6dik, majd f\u0151zni meg enni kezd &#8211; teh\u00e1t eg\u00e9szen biztosan \u00f6r\u00fclni fog.&#8221;<\/p>\r\n\r\n\r\n\r\n<p>A k\u00f6nyv m\u00e1r a boltokban, a kiad\u00f3 nev\u00e9ben is mindenkinek nagyon k\u00f6sz\u00f6n\u00f6m a bizalmat \u00e9s a t\u00e1mogat\u00e1st, k\u00fcl\u00f6n\u00f6sen sokat jelent ez most, ezekben a neh\u00e9z id\u0151kben.<\/p>\r\n\r\n\r\n\r\n<p>Dedik\u00e1lt p\u00e9ld\u00e1nyok: <a href=\"https:\/\/www.buono.hu\/dragoman-gyorgy-fozoskonyv-dedikalt-peldany\" target=\"_blank\" rel=\"noreferrer noopener\">https:\/\/www.buono.hu\/dragoman-gyorgy-fozoskonyv-dedikalt-peldany<\/a><br \/>L\u00edra: <a href=\"https:\/\/bit.ly\/fozoskonyv\" target=\"_blank\" rel=\"noreferrer noopener\">https:\/\/bit.ly\/fozoskonyv<\/a><br \/>L\u00edbri: <a href=\"https:\/\/www.libri.hu\/konyv\/dragoman_gyorgy.fozoskonyv.html\" target=\"_blank\" rel=\"noreferrer noopener\">https:\/\/www.libri.hu\/konyv\/dragoman_gyorgy.fozoskonyv.html<\/a><br \/>Bookline: <a href=\"https:\/\/bookline.hu\/product\/home.action?_v=Dragoman_Gyorgy_Fozoskonyv&amp;type=20&amp;id=3995183\" target=\"_blank\" rel=\"noreferrer noopener\">https:\/\/bookline.hu\/product\/home.action?_v=Dragoman_Gyorgy_Fozoskonyv&amp;type=20&amp;id=3995183<\/a><br \/>Book24: <a href=\"https:\/\/www.book24.hu\/konyv\/fozoskonyv\" target=\"_blank\" rel=\"noreferrer noopener\">https:\/\/www.book24.hu\/konyv\/fozoskonyv<\/a><br \/>Alexandra: <a href=\"https:\/\/alexandra.hu\/konyv\/fozoskonyv-irasok-fozesrol-es-evesrol\/\" target=\"_blank\" rel=\"noreferrer noopener\">https:\/\/alexandra.hu\/konyv\/fozoskonyv-irasok-fozesrol-es-evesrol\/<\/a><br \/>K\u00f6nyvt\u00fcnd\u00e9r: <a href=\"https:\/\/www.konyvtunder.hu\/dragoman-gyorgy-fozoskonyv--irasok-fozesrol-es-evesrol-237367\" target=\"_blank\" rel=\"noreferrer noopener\">https:\/\/www.konyvtunder.hu\/dragoman-gyorgy-fozoskonyv&#8211;irasok-fozesrol-es-evesrol-237367<\/a><br \/>E-k\u00f6nyv: <a href=\"https:\/\/www.lira.hu\/hu\/ekonyv\/gasztronomia\/szakacskonyvek-1\/fozoskonyv-irasok-fozesrol-es-evesrol-ekonyv-epub-mobi\" target=\"_blank\" rel=\"noreferrer noopener\">https:\/\/www.lira.hu\/hu\/ekonyv\/gasztronomia\/szakacskonyvek-1\/fozoskonyv-irasok-fozesrol-es-evesrol-ekonyv-epub-mobi<\/a><\/p>\r\n\r\n\r\n\r\n<p>A dedik\u00e1l\u00e1sr\u00f3l b\u0151vebben: <a href=\"https:\/\/www.facebook.com\/dragomangy\/posts\/3253592794750392\" target=\"_blank\" rel=\"noreferrer noopener\">https:\/\/www.facebook.com\/dragomangy\/posts\/3253592794750392<\/a><\/p>\r\n\r\n\r\n\r\n<p>&nbsp;<\/p>\r\n\r\n\r\n\r\n<figure class=\"wp-block-image size-large is-resized\"><img loading=\"lazy\" decoding=\"async\" class=\"wp-image-2705\" src=\"https:\/\/gyorgydragoman.com\/wp-content\/FK-Front-small-716x1024.png\" alt=\"\" width=\"228\" height=\"326\" srcset=\"https:\/\/gyorgydragoman.com\/wp-content\/FK-Front-small-716x1024.png 716w, https:\/\/gyorgydragoman.com\/wp-content\/FK-Front-small-210x300.png 210w, https:\/\/gyorgydragoman.com\/wp-content\/FK-Front-small-768x1099.png 768w, https:\/\/gyorgydragoman.com\/wp-content\/FK-Front-small-624x893.png 624w, https:\/\/gyorgydragoman.com\/wp-content\/FK-Front-small.png 776w\" sizes=\"auto, (max-width: 228px) 100vw, 228px\" \/><\/figure>\r\n\r\n\r\n\r\n<p>&nbsp;<\/p>\r\n","protected":false},"excerpt":{"rendered":"<p>Sok \u00e9ves munka eredm\u00e9nye, hogy 2020 december m\u00e1sodik\u00e1n megjelent az els\u0151 irodalmi szak\u00e1csk\u00f6nyvem, a F\u0151z\u0151sk\u00f6ny. Ez a f\u00fclsz\u00f6veg:&#8220;&#8221;\u00d6r\u00fcljetek!&#8221; &#8211; id\u0151nk\u00e9nt \u00edgy fejezi be f\u0151z\u0151s-ev\u0151s t\u00f6rt\u00e9neteit \u00e9s receptjeit Dragom\u00e1n Gy\u00f6rgy. \u00c9vek [&hellip;]<\/p>\n","protected":false},"author":1,"featured_media":2705,"parent":1379,"menu_order":0,"comment_status":"closed","ping_status":"closed","template":"","meta":{"footnotes":""},"class_list":["post-2706","page","type-page","status-publish","has-post-thumbnail","hentry","has_thumb"],"_links":{"self":[{"href":"https:\/\/gyorgydragoman.com\/index.php?rest_route=\/wp\/v2\/pages\/2706","targetHints":{"allow":["GET"]}}],"collection":[{"href":"https:\/\/gyorgydragoman.com\/index.php?rest_route=\/wp\/v2\/pages"}],"about":[{"href":"https:\/\/gyorgydragoman.com\/index.php?rest_route=\/wp\/v2\/types\/page"}],"author":[{"embeddable":true,"href":"https:\/\/gyorgydragoman.com\/index.php?rest_route=\/wp\/v2\/users\/1"}],"replies":[{"embeddable":true,"href":"https:\/\/gyorgydragoman.com\/index.php?rest_route=%2Fwp%2Fv2%2Fcomments&post=2706"}],"version-history":[{"count":6,"href":"https:\/\/gyorgydragoman.com\/index.php?rest_route=\/wp\/v2\/pages\/2706\/revisions"}],"predecessor-version":[{"id":2712,"href":"https:\/\/gyorgydragoman.com\/index.php?rest_route=\/wp\/v2\/pages\/2706\/revisions\/2712"}],"up":[{"embeddable":true,"href":"https:\/\/gyorgydragoman.com\/index.php?rest_route=\/wp\/v2\/pages\/1379"}],"wp:featuredmedia":[{"embeddable":true,"href":"https:\/\/gyorgydragoman.com\/index.php?rest_route=\/wp\/v2\/media\/2705"}],"wp:attachment":[{"href":"https:\/\/gyorgydragoman.com\/index.php?rest_route=%2Fwp%2Fv2%2Fmedia&parent=2706"}],"curies":[{"name":"wp","href":"https:\/\/api.w.org\/{rel}","templated":true}]}}