{"id":278,"date":"2007-09-30T20:35:02","date_gmt":"2009-06-26T09:04:36","guid":{"rendered":"http:\/\/gyorgydragoman.com\/?page_id=278"},"modified":"2009-06-26T11:53:45","modified_gmt":"2009-06-26T09:53:45","slug":"biographie","status":"publish","type":"page","link":"https:\/\/gyorgydragoman.com\/?page_id=278","title":{"rendered":"Biographie"},"content":{"rendered":"<p>[photopress:Gyorgy_Dragoman_2009.jpg,thumb,alignleft]En 1988, Gy\u00f6rgy Dragom\u00e1n et sa famille quittent la Roumanie et \u00e9migrent en Hongrie.<br \/>\nSon premier roman, A puszt\u00edt\u00e1s k\u00f6nyve, est publi\u00e9 en 2002 et, pour cet ouvrage, Gy\u00f6rgy Dragom\u00e1n est le laur\u00e9at 2003 du prix Br\u00f3dy S\u00e1ndor.<\/p>\n<p>Son deuxi\u00e8me roman, A feh\u00e9r kir\u00e1ly para\u00eet en 2005 et re\u00e7oit, en Hongrie, les prix D\u00e9ry Tibor et S\u00e1ndor M\u00e1rai. Le livre est traduit dans plus de vingt pays et c&#8217;est le 26 mars 2009 que Gallimard en publie, dans sa collection Du monde entier, la traduction fran\u00e7aise, due \u00e0 Jo\u00eblle Dufeuilly, sous le titre Le Roi blanc.<\/p>\n","protected":false},"excerpt":{"rendered":"<p>[photopress:Gyorgy_Dragoman_2009.jpg,thumb,alignleft]En 1988, Gy\u00f6rgy Dragom\u00e1n et sa famille quittent la Roumanie et \u00e9migrent en Hongrie. Son premier roman, A puszt\u00edt\u00e1s k\u00f6nyve, est publi\u00e9 en 2002 et, pour cet ouvrage, Gy\u00f6rgy Dragom\u00e1n [&hellip;]<\/p>\n","protected":false},"author":1,"featured_media":0,"parent":0,"menu_order":0,"comment_status":"closed","ping_status":"open","template":"","meta":{"footnotes":""},"class_list":["post-278","page","type-page","status-publish","hentry","has_no_thumb"],"_links":{"self":[{"href":"https:\/\/gyorgydragoman.com\/index.php?rest_route=\/wp\/v2\/pages\/278","targetHints":{"allow":["GET"]}}],"collection":[{"href":"https:\/\/gyorgydragoman.com\/index.php?rest_route=\/wp\/v2\/pages"}],"about":[{"href":"https:\/\/gyorgydragoman.com\/index.php?rest_route=\/wp\/v2\/types\/page"}],"author":[{"embeddable":true,"href":"https:\/\/gyorgydragoman.com\/index.php?rest_route=\/wp\/v2\/users\/1"}],"replies":[{"embeddable":true,"href":"https:\/\/gyorgydragoman.com\/index.php?rest_route=%2Fwp%2Fv2%2Fcomments&post=278"}],"version-history":[{"count":0,"href":"https:\/\/gyorgydragoman.com\/index.php?rest_route=\/wp\/v2\/pages\/278\/revisions"}],"wp:attachment":[{"href":"https:\/\/gyorgydragoman.com\/index.php?rest_route=%2Fwp%2Fv2%2Fmedia&parent=278"}],"curies":[{"name":"wp","href":"https:\/\/api.w.org\/{rel}","templated":true}]}}